s 20312 - -4?
20321
In base 11, what is 0 + -53a?
-53a
In base 2, what is 11010010 + -101?
11001101
In base 14, what is 4 + 9?
d
In base 2, what is 10101111 + 11?
10110010
In base 10, what is -11 + 1608?
1597
In base 3, what is -20 - -10?
-10
In base 16, what is -1da1 + 5?
-1d9c
In base 12, what is 2 + -96?
-94
In base 9, what is 5 - 27?
-22
In base 11, what is 15a0 + -3?
1598
In base 11, what is -3 - -2a?
27
In base 4, what is -12 - -1110?
1032
In base 3, what is 120 + 11?
201
In base 3, what is -2122 + -11?
-2210
In base 12, what is 5 + -89?
-84
In base 16, what is -5a - c?
-66
In base 11, what is -70 - 31?
-a1
In base 15, what is -a86 + -5?
-a8b
In base 14, what is -29c - 2?
-2a0
In base 15, what is 35a8 + -4?
35a4
In base 7, what is 5 + -332?
-324
In base 11, what is 0 + -3324?
-3324
In base 12, what is -1a8 - 0?
-1a8
In base 4, what is 10 - -30110?
30120
In base 5, what is 2443 - 10?
2433
In base 10, what is -162 + -13?
-175
In base 15, what is -a + 5?
-5
In base 7, what is 15313 + -4?
15306
In base 15, what is 1 + -1015?
-1014
In base 4, what is 1 + -202320?
-202313
In base 14, what is -16b - 7?
-174
In base 9, what is -5 - -67?
62
In base 3, what is 10 + 2020100?
2020110
In base 11, what is -a4 + 5?
-9a
In base 2, what is -11110011010011 - 11?
-11110011010110
In base 15, what is -192 - 14?
-1a6
In base 13, what is -4 - 129?
-130
In base 16, what is f - 25?
-16
In base 8, what is -1550 - 1?
-1551
In base 12, what is 2 - 190b?
-1909
In base 15, what is -4 - -215?
211
In base 10, what is -16 + 166?
150
In base 9, what is -8 - -85?
76
In base 11, what is -427a + 1?
-4279
In base 12, what is -608 + -3?
-60b
In base 2, what is -111 - -11100000100?
11011111101
In base 9, what is -226 - 1?
-227
In base 15, what is -41 + 5?
-3b
In base 16, what is 5 - 119?
-114
In base 2, what is 110011011 - -101?
110100000
In base 12, what is 94 + 5?
99
In base 2, what is -10101 - 1001?
-11110
In base 15, what is -2 + 67e?
67c
In base 7, what is -16435 - -1?
-16434
In base 4, what is -2 - -22331?
22323
In base 8, what is -3 + 40?
35
In base 16, what is -5 - 13d?
-142
In base 15, what is -55 - -11?
-44
In base 5, what is 13 + -102?
-34
In base 5, what is -10 - 143?
-203
In base 7, what is -3636 + 0?
-3636
In base 10, what is 91 - 109?
-18
In base 10, what is 316 - -2?
318
In base 3, what is 1201001 - -11?
1201012
In base 16, what is -8 + 105?
fd
In base 15, what is -35e + -5?
-364
In base 13, what is -14 + -8?
-1c
In base 3, what is 2211220 + 2?
2211222
In base 5, what is 211 - 1?
210
In base 3, what is -10110 - -102?
-10001
In base 12, what is -9 + -9?
-16
In base 10, what is 1 - -22?
23
In base 16, what is 2b - 1?
2a
In base 8, what is 2 + 1260?
1262
In base 14, what is 65d - -3?
662
In base 12, what is -4 + 34?
30
In base 16, what is -3 + 186a?
1867
In base 9, what is -11 + 434?
423
In base 6, what is 155532 + 3?
155535
In base 10, what is -5 - -1667?
1662
In base 2, what is 101 - -10100110?
10101011
In base 13, what is c4b + -2?
c49
In base 4, what is -113 + 2301?
2122
In base 9, what is 5 - 173?
-167
In base 16, what is -434 + -2?
-436
In base 5, what is 13 - 2024?
-2011
In base 16, what is -4 + f4?
f0
In base 5, what is -240 + -132?
-422
In base 6, what is -2150 - 11?
-2201
In base 3, what is 2222101 + 1?
2222102
In base 12, what is -67 + -35?
-a0
In base 6, what is 3 - -4103?
4110
In base 10, what is 16 + -1310?
-1294
In base 5, what is -4 + 12?
3
In base 13, what is c0 + c?
cc
In base 6, what is 122 - -3?
125
In base 7, what is -253 + -4?
-260
In base 7, what is 23643 - 0?
23643
In base 10, what is 5152 + 5?
5157
In base 13, what is -3 - 21c4?
-21c7
In base 12, what is 37 - -5?
40
In base 4, what is 33 + 20332?
21031
In base 4, what is 20121 - -1?
20122
In base 11, what is -3 - -149?
146
In base 5, what is 3 + -300?
-242
In base 8, what is 5 - -102?
107
In base 16, what is 18d1 - 1?
18d0
In base 14, what is 2341 - -2?
2343
In base 10, what is 47 + -2?
45
In base 11, what is -69 - -1a?
-4a
In base 10, what is -332 - -21?
-311
In base 4, what is 11 - 230002?
-223331
In base 2, what is -101 - 110111?
-111100
In base 8, what is -133 + -156?
-311
In base 4, what is -1 + 1321?
1320
In base 15, what is -781 - -2?
-77e
In base 2, what is 1000111010001 + 101?
1000111010110
In base 13, what is -b2 - -4?
-ab
In base 2, what is 101 + -1100001?
-1011100
In base 12, what is -35 + -48?
-81
In base 10, what is 0 + 45?
45
In base 7, what is 0 - -3444?
3444
In base 8, what is 624 - -33?
657
In base 13, what is -20 + 2?
-1b
In base 12, what is 101 + -15?
a8
In base 10, what is -12 + 4?
-8
In base 6, what is 3 + -5?
-2
In base 2, what is 110111011 - -101100?
111100111
In base 6, what is -24 - 20?
-44
In base 9, what is 0 - -28?
28
In base 8, what is 17 + -351?
-332
In base 8, what is 217 - -6?
225
In base 7, what is 2 + 140?
142
In base 14, what is 3 - 149c?
-1499
In base 4, what is 3231033 + 11?
3231110
In base 11, what is -782 - -1a?
-763
In base 7, what is 1 - 10505?
-10504
In base 11, what is -71 + 0?
-71
In base 8, what is -5 - 1421?
-1426
In base 15, what is -23 + -3?
-26
In base 3, what is 2101 - -1112?
10220
In base 3, what is 11 + 212?
1000
In base 12, what is 0 - -4a4?
4a4
In base 9, what is 1 - -7435?
7436
In base 16, what is -3 + 1eb?
1e8
In base 12, what is 33 + 114?
147
In base 12, what is -2 + 19b?
199
In base 16, what is -3e + -21?
-5f
In base 4, what is 2020 + -1?
2013
In base 3, what is -10112 + -1?
-10120
In base 3, what is 0 + 1122?
1122
In base 5, what is -10234 - 23?
-10312
In base 12, what is 2 + 2b?
31
In base 10, what is 4 + 35?
39
In base 5, what is -444 - 13?
-1012
In base 7, what is -1 - -244?
243
In base 9, what is 4 + 2?
6
In base 10, what is 1 - 2403?
-2402
In base 11, what is 5 - -436?
440
In base 8, what is -13 - -311?
276
In base 9, what is -4 + -1403?
-1407
In base 3, what is 122020 - -1?
122021
In base 15, what is 11d0 + 4?
11d4
In base 5, what is 10 + 2143?
2203
In base 8, what is 0 + 6?
6
In base 11, what is 13 + 13?
26
In base 6, what is 3 + -501?
-454
In base 15, what is -2 + 0?
-2
In base 10, what is -8 - 18?
-26
In base 16, what is -45 - -d?
-38
In base 11, what is 4 + 9?
12
In base 3, what is -21 - -11211?
11120
In base 2, what is -10 - 1111010?
-1111100
In base 8, what is -350 + -2?
-352
In base 6, what is -54 + 10?
-44
In base 7, what is 4 - -151?
155
In base 8, what is 42 - -42?
104
In base 7, what is -13 + 134?
121
In base 13, what is -1 + 22?
21
In base 7, what is 20 + -1?
16
In base 5, what is -3 + 4044?
4041
In base 15, what is 7 - -2b?
33
In base 3, what is 202 + 2?
211
In base 11, what is 22 + 131?
153
In base 6, what is -3422 - 10?
-3432
In base 4, what is 3 - -30?
33
In base 14, what is -1 + -60?
-61
In base 14, what is 11 - -46?
57
In base 14, what is -18 - -bd?
a5
In base 11, what is 2 + -55?
-53
In base 8, what is -305 - -2?
-303
In base 7, what is -5 + 256?
251
In base 10, what is 35 + 1?
36
In base 2, what is 100 - -1000000111?
1000001011
In base 11, what is 40 - -29?
69
In base 11, what is -5 + -229?
-233
In base 16, what is 2 - 20?
-1e
In base 3, what is 12 - 10202?
-10120
In base 8, what is -12 + -6?
-20
In base 9, what is -225 - 1?
-226
In base 11, what is -133 + -4?
-137
In base 7, what is 36 + -22?
14
In base 3, what is -100010 - 11?
-100021
In base 5, what is -34 + -333?
-422
In base 6, what is -1111 - 134?
-1245
In base 12, what is 60 - -2?
62
In base 5, what is 3034 - -3?
3042
In base 8, what is 332 + -10?
322
In base 3, what is 2 + -1?
1
In base 2, what is 11 - 100000?
-11101
In base 14, what is -5 - -d5?
d0
In base 14, what is 1327 + -1?
1326
In base 11, what is -2 - -43?
41
In base 14, what is 56 - -11d?
175
In base 10, what is -4 + 9?
5
In base 13, what is 5c - 1?
5b
In base 14, what is 2c8 + 1?
2c9
In base 5, what is 3 - 2423?
-2420
In base 11, what is 11 - 3?
9
In base 12, what is 482 + -2?
480
In base 15, what is 1b + -68?
-4c
In base 6, what is -2 - -10534?
10532
In base 10, what is -130 - 10?
-140
In base 15, what is -6a - 55?
-c0
In base 14, what is 2 + -1028?
-1026
In base 13, what is -15a - -2?
-158
In base 12, what is 1685 - -3?
1688
In base 8, what is -3 + 13?
10
In base 12, what is -164 - -2?
-162
In base 9, what is -3 + 2528?
2525
In base 7, what is -2 - 56?
-61
In base 4, what is 1031 